e -11*m + 18*m = 0. Suppose 87 = 5*g + 3*w - 0*w, -3*g - w + 53 = m. What is the tens digit of 7/105*g*(-370)/(-4)?
1
Suppose 4*l + 0*c + 48 = -4*c, -3*c = l + 18. Let a(y) = y**3 + 27*y**2 + 57*y + 20. What is the tens digit of a(l)?
6
What is the units digit of 3200/1000 + 68269/5?
7
Suppose 2*r - 14 = 3*o - 1, 19 = 2*r - 5*o. What is the hundreds digit of (280/(-112))/(r/(1 + -1257))?
5
Suppose 109*t + 186425 = 629401. What is the hundreds digit of t?
0
Let k be 41/4 + 5*(-2)/40. Let h(a) = 2*a**3 - 18*a**2 - 20*a - 2. Let g be h(k). What is the tens digit of ((-190)/(-15))/(g/(-3))?
1
Suppose -4*s + 4050 = -2*p, 4*s + 15*p - 4051 = 18*p. Suppose 3*f + 172 = s. What is the hundreds digit of f?
2
Let g(a) = -a - 33. Let s be g(-10). What is the units digit of 2 + 227 + 22 + s?
8
Suppose -7*j + 10*j - 4503 = 0. Suppose -j = -11*b + 3955. What is the hundreds digit of b?
4
Suppose 64 = 5*b + 4. What is the units digit of (-3)/(4/b + 1396/(-4080))?
0
What is the thousands digit of (-8477 + 1)*(-48 + 46)?
6
Let a(j) = -j**2 + j + 1. Let g(s) = -6*s + 55. Let w(h) = -3*a(h) + g(h). What is the units digit of w(9)?
4
Let p(l) = 3226*l - 4347. What is the tens digit of p(7)?
3
Let x(m) = 743*m - 989. What is the thousands digit of x(44)?
1
Let c(g) = g**3 - 33*g**2 - 35*g + 36. Let l be c(34). Suppose -5*p + 6350 = 3*y, -3*p + 3791 = -0*y - l*y. What is the thousands digit of p?
1
Let o = 35 - 42. Let d be (-264)/1*o/14. Let t = d + 2. What is the hundreds digit of t?
1
Let w(y) = 96*y**2 + 70*y - 233. What is the units digit of w(18)?
1
Let y = 1679 - 381. Suppose -2606 = -2*b + 3*x, 0*b - b + 4*x = -y. What is the hundreds digit of b?
3
Let k = 10987 + -6314. What is the units digit of k?
3
Let j be (-2)/(-1)*18/(-36)*-197. Suppose 12*s = 3*u + 7*s - j, 5*u - 5*s = 325. What is the units digit of u?
4
Let i = 41740 - 9301. What is the tens digit of i?
3
What is the hundreds digit of (7 - 10)/(24/(-318832))?
8
Let j be 2 - (-1 + 4 + -1 - -1). Let s(a) = -401*a**3 + a**2 - a - 1. What is the units digit of s(j)?
2
Suppose -4*h + 312 = -4*j, h + 5*j - 90 = -18. What is the hundreds digit of 36715/h - 4/(-22)?
4
Suppose 3*b - 17 = 10. Suppose -b = -5*h - 59. What is the tens digit of ((-2)/(-5))/(h/(-1700))?
6
Suppose -2338 = -2*v - 4*k + 5522, -3*k - 3955 = -v. Let w = -2115 + v. What is the units digit of w?
5
Let h be 1*(0 - -6) + -3 - -1. Suppose 0 = 2*n + m - 87, 4*n + h*m = -28 + 208. Let j = -38 + n. What is the units digit of j?
4
Suppose -5*l + 3 + 7 = 0. Suppose 3*x - r - r = 530, l*x + 2*r = 360. What is the hundreds digit of x?
1
What is the hundreds digit of (3 - (-2147)/4)/(6/48 + 0)?
3
Suppose 5*c + 4*h - 298565 + 84344 = 0, 85691 = 2*c - h. What is the thousands digit of c?
2
Let i(x) = x**2 + 14*x - 67. Let d be i(4). Suppose d*k + 2665 = 5*u, -9*u - k - 1609 = -12*u. What is the tens digit of u?
3
What is the thousands digit of (-65)/(-5) + 0 + 8333?
8
Let v be 254 + 0 + -17 + 11. Let u = 162 + v. What is the tens digit of u?
1
Suppose -6*s + 3*s = 6, 0 = 4*h + 2*s - 4. Let w be 5/2 - 3/h. What is the units digit of 307/4 + 5 - w/(-4)?
2
Suppose 0 = 3*h + s - 82978, -2*h + 6*s + 55300 = 2*s. Suppose -h + 906 = -22*w. What is the units digit of w?
6
Let b(m) = 42*m**2 - 21*m - 261. What is the tens digit of b(-12)?
3
Suppose 52*h = 62*h - 9860. What is the units digit of h?
6
Suppose o = 12*z - 15*z + 26, 23 = 3*o - 2*z. Suppose 0 = -9*l + o*l - 2236. What is the hundreds digit of l?
1
Suppose -o + 2*o - 5 = -g, 5*o - 34 = 4*g. Let k = o - -31. What is the tens digit of k?
3
Let x be -5*(-60)/(-18)*(-36)/(-50). Let h be (69/x)/(1/(-8)). Suppose h + 18 = 2*a. What is the units digit of a?
2
Let y(a) = -a**2 - 28*a - 43. Let d be y(-24). Suppose -7*m - 39 + d = 0. What is the units digit of m?
2
What is the thousands digit of (2796/7)/((-1590)/70 + 23)?
1
Let a(h) = 4*h - 24. Let f be a(6). Let n(q) = 0 + f + 2 - 17*q - 6*q. What is the units digit of n(-4)?
4
Suppose 4*d - 7545 = 7103. What is the tens digit of d?
6
Suppose 23*a - 25100 = 2891 + 190624. What is the units digit of a?
5
Let u be 8/(-2) + 1999 + -3. Suppose 7*g = -g + u. Let k = g - 178. What is the tens digit of k?
7
Suppose -s + 17856 = -4*p - p, 0 = -p - 2*s - 3580. What is the tens digit of (-9)/(90/p) + 4/(-20)?
5
Let a(g) = 2*g - 2. Let o be a(-5). What is the units digit of 4*(-1203)/o - -5?
6
Let s(o) = -4*o**2 + 3*o**2 - 11*o**2 - o**3 - 4*o**2 - 15*o + 13. What is the hundreds digit of s(-16)?
2
Let x = -6 + 22. Suppose -3*h + 4 = -b, -4*h + 7*b - 11*b = -x. Suppose h*d - 48 = 3*g - 0*g, g + 48 = 2*d. What is the tens digit of d?
2
Let r be -1*10*(-1166)/265. Suppose o + 4*o = 10. What is the tens digit of 7/((8/o)/r)?
7
Suppose 3*i = -f + 12, f + 4*i = 9*i - 20. Let p be -3*(-2 + 1) - f. Suppose 20 = 5*h, -318 + 16 = -p*g + 4*h. What is the units digit of g?
6
Suppose -5*c = 2*i + 1 - 36, i = 4*c - 15. Suppose -l + q - 4 = 0, c*q - 10 = -0. What is the units digit of (-1)/(3 + l)*(-172 - 0)?
2
Let i be (-1508)/(-406) + (-2)/(-7). Suppose i*a - 1405 = -3*h, -h - 3*a + 15 = -445. What is the hundreds digit of h?
4
Let o(v) = 34*v**2 + 9*v - 41. Let h be (-1)/(8/(-12))*(-5 - -9). What is the tens digit of o(h)?
3
Let s = 66 - 95. Let v = s - -36. Suppose -45 = -v*a + 6*a. What is the tens digit of a?
4
Suppose 459*p = 452*p + 153244. What is the hundreds digit of p?
8
Let o(r) = r**2 - 19*r + 8. Let c(l) = l**2 - 18*l + 8. Let i(n) = 4*c(n) - 3*o(n). Let d be i(15). Suppose -4*h = -d*h + 752. What is the units digit of h?
8
What is the ten thousands digit of (-4)/(-10) - (39 + 2253756/(-60))?
3
Let f = 83 - 7. Let a = f - -290. What is the tens digit of a?
6
Suppose 0 = 4*c - 7*c + 9. Let z(i) = 9*i**3 + 7*i**2 + 3*i + 1. Let n(v) = -7*v**3 - 6*v**2 - 3*v. Let m(b) = 6*n(b) + 5*z(b). What is the tens digit of m(c)?
6
What is the units digit of (24988/(-3))/(248/(-930))?
5
Suppose m - 5*z + 445 = -4*m, -2*m - 3*z - 173 = 0. Let n = m + 159. Let k = n - 19. What is the tens digit of k?
5
Let b(h) = -h**2 + 22*h + 51. Let w be b(24). What is the units digit of (w/9)/((4 + 0)/1416)?
8
Suppose -1297*k + 19561 = -1294*k + 4*o, 2*o = 5*k - 32619. What is the thousands digit of k?
6
Let f = 96064 + -60597. What is the tens digit of f?
6
Suppose -30*d = -16*d + 5278. Let z = 23 - d. What is the tens digit of z?
0
Let v(j) = -2*j**2 + 23*j - 9. Let y be v(11). Suppose o - 4*s + 473 = y*o, 0 = 3*o - s - 1406. What is the units digit of o?
9
Let q(t) = t**3 + 32*t**2 - 7*t - 32. Let s be (42/6 - 38) + 0/5. What is the tens digit of q(s)?
4
Let v(k) = 23*k - 82. Let q be v(14). Suppose -20*r = -22*r + q. What is the units digit of r?
0
Let b(z) = 2*z**2 - 2*z + 9. Let p = -26 - -22. Let r be b(p). Suppose -3*a = -r - 95. What is the units digit of a?
8
Let j = -8353 - -12357. What is the thousands digit of j?
4
Suppose -5*j = -4*g - 14, -j + 26 = 5*g - 0. Let o(s) = s**2 - 6*s + 3. Let y be o(j). What is the tens digit of 190/2 + (3 - y)?
9
Suppose -5*s + 162 = 4*g - 3*s, -5*g + 2*s + 216 = 0. Suppose -4*n + 2*k = -74, 45 + 58 = 5*n + k. What is the tens digit of 0/(n/(-5)) + g?
4
Suppose 23064 = 3*h - 5*n, -2*h = 5*n + 5858 - 21209. What is the hundreds digit of h?
6
Let f = 1599 + -676. What is the units digit of f/78*((-3 - -6) + 3)?
1
Suppose 2*s = 2*q, 3*s + 2*q - 23 = -3. Suppose -s*a + 4278 = -3*c, -2*c - 5346 = -5*a + c. What is the tens digit of a?
6
What is the hundreds digit of (-25)/10 - (-2667455)/70?
1
Let a = 3158 - 2104. What is the hundreds digit of a?
0
Let l(z) = -z**3 + 15*z**2 - 9*z - 29. Let b be (-12)/(-2) + 7 + -11. Let u(o) = 3*o**2 - 2*o + 6. Let q be u(b). What is the units digit of l(q)?
1
Suppose -4*t = 2*n - 22198, t - 5*n + 2892 = 8414. What is the hundreds digit of t?
5
Let y(p) be the first derivative of 16*p**2 - 72*p - 133. What is the units digit of y(24)?
6
Let d be (-1 + 0)/((-4)/20). Suppose -4*v + 670 = -v + w, -d*v + 5*w = -1110. What is the tens digit of v?
2
Suppose -p - 47 = -2*m, -m - m - 2*p + 32 = 0. What is the hundreds digit of m/4 + (-11)/44 - -524?
5
Let b = -97 + 467. Suppose 0*p + 16 = 5*u - 2*p, 2*u + 4*p = 16. Suppose 2*z - u*t - b = 0, -4*t - t = -z + 191. What is the hundreds digit of z?
1
Let c(b) = -b**3 + 11*b**